{"id":6,"date":"2021-12-18T00:40:31","date_gmt":"2021-12-17T21:40:31","guid":{"rendered":"http:\/\/www.kriptomedya.com\/?page_id=6"},"modified":"2022-10-13T22:12:35","modified_gmt":"2022-10-13T19:12:35","slug":"sosyal-medya","status":"publish","type":"page","link":"https:\/\/www.kriptomedya.com\/index.php\/sosyal-medya\/","title":{"rendered":"Sosyal Medya Y\u00f6netimi"},"content":{"rendered":"\n<div class=\"wp-block-cover alignfull\" style=\"padding-top:150px;min-height:750px;aspect-ratio:unset;\"><span aria-hidden=\"true\" class=\"wp-block-cover__background has-background-dim-80 has-background-dim\" style=\"background-color:#171717\"><\/span><img loading=\"lazy\" decoding=\"async\" width=\"1920\" height=\"1280\" class=\"wp-block-cover__image-background wp-image-492\" alt=\"\" src=\"https:\/\/www.kriptomedya.com\/wp-content\/uploads\/2021\/12\/Sosyal-Medya.jpg\" data-object-fit=\"cover\" srcset=\"https:\/\/www.kriptomedya.com\/wp-content\/uploads\/2021\/12\/Sosyal-Medya.jpg 1920w, https:\/\/www.kriptomedya.com\/wp-content\/uploads\/2021\/12\/Sosyal-Medya-600x400.jpg 600w, https:\/\/www.kriptomedya.com\/wp-content\/uploads\/2021\/12\/Sosyal-Medya-300x200.jpg 300w, https:\/\/www.kriptomedya.com\/wp-content\/uploads\/2021\/12\/Sosyal-Medya-1024x683.jpg 1024w, https:\/\/www.kriptomedya.com\/wp-content\/uploads\/2021\/12\/Sosyal-Medya-768x512.jpg 768w, https:\/\/www.kriptomedya.com\/wp-content\/uploads\/2021\/12\/Sosyal-Medya-1536x1024.jpg 1536w\" sizes=\"auto, (max-width: 1920px) 100vw, 1920px\" \/><div class=\"wp-block-cover__inner-container is-layout-flow wp-block-cover-is-layout-flow\">\n<div class=\"wp-block-columns alignwide are-vertically-aligned-center is-layout-flex wp-container-core-columns-is-layout-28f84493 wp-block-columns-is-layout-flex\">\n<div class=\"wp-block-column is-vertically-aligned-center is-layout-flow wp-block-column-is-layout-flow\" style=\"flex-basis:50%\">\n<h1 class=\"has-text-color wp-block-heading\" style=\"color:#ffffff\">Dijital Medya Dan\u0131\u015fmanl\u0131\u011f\u0131<\/h1>\n\n\n\n<p>&#8220;Sosyal Medya Y\u00f6netimi&#8221;<\/p>\n\n\n\n<p>&#8220;Sosyal Medya Y\u00f6netimi ve Dan\u0131\u015fmanl\u0131\u011f\u0131 i\u00e7in bizimle <a href=\"https:\/\/www.kriptomedya.com\/index.php\/contact\/\">irtibat<\/a> kurabilirsiniz.&#8221;<\/p>\n\n\n\n<div class=\"wp-block-buttons is-layout-flex wp-block-buttons-is-layout-flex\">\n<div class=\"wp-block-button is-style-fill\"><a class=\"wp-block-button__link has-ast-global-color-6-color has-ast-global-color-0-background-color has-text-color has-background\" href=\"https:\/\/www.kriptomedya.com\/index.php\/contact\/\" style=\"border-radius:50px\">\u0130rtibat Formu<\/a><\/div>\n<\/div>\n<\/div>\n\n\n\n<div class=\"wp-block-column is-layout-flow wp-block-column-is-layout-flow\" style=\"flex-basis:50%\">\n<div class=\"wp-block-uagb-image uagb-block-17cb391d wp-block-uagb-image--layout-default wp-block-uagb-image--effect-static wp-block-uagb-image--align-none\"><figure class=\"wp-block-uagb-image__figure\"><img decoding=\"async\" srcset=\"https:\/\/www.kriptomedya.com\/wp-content\/uploads\/2021\/12\/Sosyal-Medya-1024x683.jpg \" src=\"https:\/\/www.kriptomedya.com\/wp-content\/uploads\/2021\/12\/Sosyal-Medya-1024x683.jpg\" alt=\"\" class=\"uag-image-492\" width=\"\" height=\"\" title=\"\"\/><\/figure><\/div>\n<\/div>\n<\/div>\n<\/div><\/div>\n\n\n\n<p><\/p>\n\n\n\n<p><\/p>\n","protected":false},"excerpt":{"rendered":"","protected":false},"author":1,"featured_media":0,"parent":0,"menu_order":0,"comment_status":"closed","ping_status":"closed","template":"","meta":{"_uag_custom_page_level_css":"","site-sidebar-layout":"default","site-content-layout":"","ast-site-content-layout":"","site-content-style":"default","site-sidebar-style":"default","ast-global-header-display":"","ast-banner-title-visibility":"","ast-main-header-display":"","ast-hfb-above-header-display":"","ast-hfb-below-header-display":"","ast-hfb-mobile-header-display":"","site-post-title":"disabled","ast-breadcrumbs-content":"","ast-featured-img":"","footer-sml-layout":"","theme-transparent-header-meta":"","adv-header-id-meta":null,"stick-header-meta":null,"header-above-stick-meta":null,"header-main-stick-meta":null,"header-below-stick-meta":null,"astra-migrate-meta-layouts":"default","ast-page-background-enabled":"default","ast-page-background-meta":{"desktop":{"background-color":"var(--ast-global-color-4)","background-image":"","background-repeat":"repeat","background-position":"center center","background-size":"auto","background-attachment":"scroll","background-type":"","background-media":"","overlay-type":"","overlay-color":"","overlay-opacity":"","overlay-gradient":""},"tablet":{"background-color":"","background-image":"","background-repeat":"repeat","background-position":"center center","background-size":"auto","background-attachment":"scroll","background-type":"","background-media":"","overlay-type":"","overlay-color":"","overlay-opacity":"","overlay-gradient":""},"mobile":{"background-color":"","background-image":"","background-repeat":"repeat","background-position":"center center","background-size":"auto","background-attachment":"scroll","background-type":"","background-media":"","overlay-type":"","overlay-color":"","overlay-opacity":"","overlay-gradient":""}},"ast-content-background-meta":{"desktop":{"background-color":"var(--ast-global-color-5)","background-image":"","background-repeat":"repeat","background-position":"center center","background-size":"auto","background-attachment":"scroll","background-type":"","background-media":"","overlay-type":"","overlay-color":"","overlay-opacity":"","overlay-gradient":""},"tablet":{"background-color":"var(--ast-global-color-5)","background-image":"","background-repeat":"repeat","background-position":"center center","background-size":"auto","background-attachment":"scroll","background-type":"","background-media":"","overlay-type":"","overlay-color":"","overlay-opacity":"","overlay-gradient":""},"mobile":{"background-color":"var(--ast-global-color-5)","background-image":"","background-repeat":"repeat","background-position":"center center","background-size":"auto","background-attachment":"scroll","background-type":"","background-media":"","overlay-type":"","overlay-color":"","overlay-opacity":"","overlay-gradient":""}},"footnotes":""},"class_list":["post-6","page","type-page","status-publish","hentry"],"uagb_featured_image_src":{"full":false,"thumbnail":false,"medium":false,"medium_large":false,"large":false,"1536x1536":false,"2048x2048":false},"uagb_author_info":{"display_name":"admin","author_link":"https:\/\/www.kriptomedya.com\/index.php\/author\/admin\/"},"uagb_comment_info":0,"uagb_excerpt":null,"_links":{"self":[{"href":"https:\/\/www.kriptomedya.com\/index.php\/wp-json\/wp\/v2\/pages\/6","targetHints":{"allow":["GET"]}}],"collection":[{"href":"https:\/\/www.kriptomedya.com\/index.php\/wp-json\/wp\/v2\/pages"}],"about":[{"href":"https:\/\/www.kriptomedya.com\/index.php\/wp-json\/wp\/v2\/types\/page"}],"author":[{"embeddable":true,"href":"https:\/\/www.kriptomedya.com\/index.php\/wp-json\/wp\/v2\/users\/1"}],"replies":[{"embeddable":true,"href":"https:\/\/www.kriptomedya.com\/index.php\/wp-json\/wp\/v2\/comments?post=6"}],"version-history":[{"count":15,"href":"https:\/\/www.kriptomedya.com\/index.php\/wp-json\/wp\/v2\/pages\/6\/revisions"}],"predecessor-version":[{"id":1090,"href":"https:\/\/www.kriptomedya.com\/index.php\/wp-json\/wp\/v2\/pages\/6\/revisions\/1090"}],"wp:attachment":[{"href":"https:\/\/www.kriptomedya.com\/index.php\/wp-json\/wp\/v2\/media?parent=6"}],"curies":[{"name":"wp","href":"https:\/\/api.w.org\/{rel}","templated":true}]}}