{"id":1009,"date":"2022-10-12T16:32:55","date_gmt":"2022-10-12T13:32:55","guid":{"rendered":"https:\/\/www.kriptomedya.com\/?page_id=1009"},"modified":"2022-10-13T22:10:01","modified_gmt":"2022-10-13T19:10:01","slug":"web-tasarim","status":"publish","type":"page","link":"https:\/\/www.kriptomedya.com\/index.php\/web-tasarim\/","title":{"rendered":"Web Tasar\u0131m Hizmetleri"},"content":{"rendered":"\n<div class=\"wp-block-cover alignfull\" style=\"padding-top:150px;min-height:950px;aspect-ratio:unset;\"><span aria-hidden=\"true\" class=\"wp-block-cover__background has-background-dim-80 has-background-dim\" style=\"background-color:#171717\"><\/span><img loading=\"lazy\" decoding=\"async\" width=\"1920\" height=\"1027\" class=\"wp-block-cover__image-background wp-image-901\" alt=\"\" src=\"https:\/\/www.kriptomedya.com\/wp-content\/uploads\/2022\/10\/hero-bg.jpg\" style=\"object-position:78% 77%\" data-object-fit=\"cover\" data-object-position=\"78% 77%\" srcset=\"https:\/\/www.kriptomedya.com\/wp-content\/uploads\/2022\/10\/hero-bg.jpg 1920w, https:\/\/www.kriptomedya.com\/wp-content\/uploads\/2022\/10\/hero-bg-300x160.jpg 300w, https:\/\/www.kriptomedya.com\/wp-content\/uploads\/2022\/10\/hero-bg-1024x548.jpg 1024w, https:\/\/www.kriptomedya.com\/wp-content\/uploads\/2022\/10\/hero-bg-768x411.jpg 768w, https:\/\/www.kriptomedya.com\/wp-content\/uploads\/2022\/10\/hero-bg-1536x822.jpg 1536w\" sizes=\"auto, (max-width: 1920px) 100vw, 1920px\" \/><div class=\"wp-block-cover__inner-container is-layout-flow wp-block-cover-is-layout-flow\">\n<div class=\"wp-block-columns alignwide are-vertically-aligned-center is-layout-flex wp-container-core-columns-is-layout-28f84493 wp-block-columns-is-layout-flex\">\n<div class=\"wp-block-column is-vertically-aligned-center is-layout-flow wp-block-column-is-layout-flow\" style=\"flex-basis:50%\">\n<div class=\"wp-block-uagb-container uagb-block-83e1582d alignfull uagb-is-root-container\"><div class=\"uagb-container-inner-blocks-wrap\">\n<h1 class=\"has-text-color wp-block-heading\" style=\"color:#ffffff\">Web Tasar\u0131m Hizmetleri<\/h1>\n\n\n\n<p>Birebir g\u00f6r\u00fc\u015fmeler ile yap\u0131lan analizler sonucu sekt\u00f6r\u00fcn\u00fcze ve m\u00fc\u015fteri kitlenize en \u00e7ok uyum sa\u011flayan tasar\u0131m\u0131 belirler ve bununla beraber size  \u00f6zel temalar haz\u0131rlanarak size \u00f6zel ve farkl\u0131 bir tasar\u0131m olu\u015ftururuz.<\/p>\n\n\n\n<p>Seo \u00e7al\u0131\u015fmalar\u0131na uygun alt yap\u0131 olu\u015fturmak standart prosed\u00fcr\u00fcm\u00fcz i\u00e7inde bulunmaktad\u0131r.  Bu sayede arama motorlar\u0131nda daha kolay bulunabilirsiniz. <br>Web Tasar\u0131m projelerimiz Full Stack olarak haz\u0131rlanmakta ve Domain &#8211; Hosting hizmetlerimiz ile birle\u015ftirilerek tek elden s\u00fcrecin ba\u015f\u0131ndan sonuna kadar takibi ve raporlamas\u0131 sa\u011flanmaktad\u0131r. <\/p>\n\n\n\n<p>Detayl\u0131 bilgi almak ve bizimle g\u00f6r\u00fc\u015fmek isterseniz a\u015fa\u011f\u0131daki form tu\u015funa t\u0131klayarak bir mesaj g\u00f6ndermeniz yeterlidir. <br>Size yard\u0131mc\u0131 olmaktan mutluluk duyar\u0131z&#8230;<\/p>\n<\/div><\/div>\n\n\n\n<div class=\"wp-block-buttons is-layout-flex wp-block-buttons-is-layout-flex\">\n<div class=\"wp-block-button is-style-fill\"><a class=\"wp-block-button__link has-ast-global-color-6-color has-ast-global-color-0-background-color has-text-color has-background\" href=\"https:\/\/www.kriptomedya.com\/index.php\/contact\/\" style=\"border-radius:50px\">\u0130rtibat Formu<\/a><\/div>\n<\/div>\n<\/div>\n\n\n\n<div class=\"wp-block-column is-layout-flow wp-block-column-is-layout-flow\" style=\"flex-basis:50%\">\n<div class=\"wp-block-uagb-image uagb-block-7ca84043 wp-block-uagb-image--layout-default wp-block-uagb-image--effect-static wp-block-uagb-image--align-none\"><figure class=\"wp-block-uagb-image__figure\"><img loading=\"lazy\" decoding=\"async\" srcset=\"https:\/\/www.kriptomedya.com\/wp-content\/uploads\/2019\/10\/2-1.jpg \" src=\"https:\/\/www.kriptomedya.com\/wp-content\/uploads\/2019\/10\/2-1.jpg\" alt=\"\" class=\"uag-image-44\" width=\"588\" height=\"392\" title=\"\"\/><\/figure><\/div>\n<\/div>\n<\/div>\n<\/div><\/div>\n\n\n\n<p><\/p>\n\n\n\n<p><\/p>\n","protected":false},"excerpt":{"rendered":"","protected":false},"author":1,"featured_media":0,"parent":0,"menu_order":0,"comment_status":"closed","ping_status":"closed","template":"","meta":{"_uag_custom_page_level_css":"","site-sidebar-layout":"default","site-content-layout":"","ast-site-content-layout":"","site-content-style":"default","site-sidebar-style":"default","ast-global-header-display":"","ast-banner-title-visibility":"","ast-main-header-display":"","ast-hfb-above-header-display":"","ast-hfb-below-header-display":"","ast-hfb-mobile-header-display":"","site-post-title":"disabled","ast-breadcrumbs-content":"","ast-featured-img":"","footer-sml-layout":"","theme-transparent-header-meta":"","adv-header-id-meta":null,"stick-header-meta":null,"header-above-stick-meta":null,"header-main-stick-meta":null,"header-below-stick-meta":null,"astra-migrate-meta-layouts":"default","ast-page-background-enabled":"default","ast-page-background-meta":{"desktop":{"background-color":"var(--ast-global-color-4)","background-image":"","background-repeat":"repeat","background-position":"center center","background-size":"auto","background-attachment":"scroll","background-type":"","background-media":"","overlay-type":"","overlay-color":"","overlay-opacity":"","overlay-gradient":""},"tablet":{"background-color":"","background-image":"","background-repeat":"repeat","background-position":"center center","background-size":"auto","background-attachment":"scroll","background-type":"","background-media":"","overlay-type":"","overlay-color":"","overlay-opacity":"","overlay-gradient":""},"mobile":{"background-color":"","background-image":"","background-repeat":"repeat","background-position":"center center","background-size":"auto","background-attachment":"scroll","background-type":"","background-media":"","overlay-type":"","overlay-color":"","overlay-opacity":"","overlay-gradient":""}},"ast-content-background-meta":{"desktop":{"background-color":"var(--ast-global-color-5)","background-image":"","background-repeat":"repeat","background-position":"center center","background-size":"auto","background-attachment":"scroll","background-type":"","background-media":"","overlay-type":"","overlay-color":"","overlay-opacity":"","overlay-gradient":""},"tablet":{"background-color":"var(--ast-global-color-5)","background-image":"","background-repeat":"repeat","background-position":"center center","background-size":"auto","background-attachment":"scroll","background-type":"","background-media":"","overlay-type":"","overlay-color":"","overlay-opacity":"","overlay-gradient":""},"mobile":{"background-color":"var(--ast-global-color-5)","background-image":"","background-repeat":"repeat","background-position":"center center","background-size":"auto","background-attachment":"scroll","background-type":"","background-media":"","overlay-type":"","overlay-color":"","overlay-opacity":"","overlay-gradient":""}},"footnotes":""},"class_list":["post-1009","page","type-page","status-publish","hentry"],"uagb_featured_image_src":{"full":false,"thumbnail":false,"medium":false,"medium_large":false,"large":false,"1536x1536":false,"2048x2048":false},"uagb_author_info":{"display_name":"admin","author_link":"https:\/\/www.kriptomedya.com\/index.php\/author\/admin\/"},"uagb_comment_info":0,"uagb_excerpt":null,"_links":{"self":[{"href":"https:\/\/www.kriptomedya.com\/index.php\/wp-json\/wp\/v2\/pages\/1009","targetHints":{"allow":["GET"]}}],"collection":[{"href":"https:\/\/www.kriptomedya.com\/index.php\/wp-json\/wp\/v2\/pages"}],"about":[{"href":"https:\/\/www.kriptomedya.com\/index.php\/wp-json\/wp\/v2\/types\/page"}],"author":[{"embeddable":true,"href":"https:\/\/www.kriptomedya.com\/index.php\/wp-json\/wp\/v2\/users\/1"}],"replies":[{"embeddable":true,"href":"https:\/\/www.kriptomedya.com\/index.php\/wp-json\/wp\/v2\/comments?post=1009"}],"version-history":[{"count":34,"href":"https:\/\/www.kriptomedya.com\/index.php\/wp-json\/wp\/v2\/pages\/1009\/revisions"}],"predecessor-version":[{"id":1087,"href":"https:\/\/www.kriptomedya.com\/index.php\/wp-json\/wp\/v2\/pages\/1009\/revisions\/1087"}],"wp:attachment":[{"href":"https:\/\/www.kriptomedya.com\/index.php\/wp-json\/wp\/v2\/media?parent=1009"}],"curies":[{"name":"wp","href":"https:\/\/api.w.org\/{rel}","templated":true}]}}